t k(q) = 9*q**2 + q + 11. Let m(g) = 4*g**2 + g + 5. Let p(w) = 3*k(w) - 7*m(w). Determine p(x).
-2
Let s = -3 + 6. Let h(a) = -2 + 4 - 5*a + 2*a. What is h(s)?
-7
Suppose 0 = -4*o - o. Suppose 3*u - 15 = -o*u. Let b(g) = -g + 0*g**2 + g**2 - g - 7. What is b(u)?
8
Let o(k) = -1. Let b(i) = i**3 + 4*i**2 - i + 3. Let g(v) = -b(v) - o(v). Calculate g(-4).
-6
Let n(z) = -z**2 - z + 7. Let i(w) = -w - 1. Let p(h) = 3*i(h) + n(h). Determine p(-4).
4
Suppose -3*z = -4*z + 2. Let w(p) = 4 + 0 + 2*p - 2 - 3. Determine w(z).
3
Suppose -47 = 3*u + 5*m, 4*u - 10 + 61 = 5*m. Let a = -10 - u. Let n(q) be the first derivative of q**2 - 6*q - 1. Give n(a).
2
Suppose -5*j = 7*j - 11*j. Let u(r) = r**2 + 6 + r**3 + 0 + 0*r**2. Determine u(j).
6
Let s(m) = m**2 - 22*m + 6 + 2*m + 7*m + 5*m. Give s(6).
-6
Let z(n) = -n**2 - 3*n + 4. Suppose -2*v = i + i, -5 = 2*i + v. Give z(i).
-6
Let w(u) be the first derivative of -u**3/3 + u**2/2 - 2. Determine w(-1).
-2
Let m be (-91)/14 + 1/2. Let k(q) = q**2 + 7*q + 1. Determine k(m).
-5
Let y(k) = -2*k. Let a be (-24)/40 - (-26)/10. What is y(a)?
-4
Let f be 1/(-2*1/(-8)). Let o(z) = -3*z**3 - 2*z**2 - z. Let s be o(-1). Let c(t) = -3*t**s + 4*t - 2*t**2 + 4*t**2. What is c(f)?
0
Let z(j) = -j - 2. Let q = 2 + 3. Calculate z(q).
-7
Let f be 0 - 1*(0 - -1). Suppose -4 = -2*h - 2. Let d(s) = -h - 3*s + s - 2*s + 3*s. What is d(f)?
0
Let s(t) = 3*t - 1. Let p(o) = o + 1. Let g(i) = 2*i + 1. Let u(q) = -6*g(q) + 11*p(q). Let l be u(4). Calculate s(l).
2
Let k(g) = -g**2 - 5*g. Let h be k(-5). Suppose 0 = 3*v - 0*v - 6. Let y(q) = -3 - q + 2*q**2 + 2 - 4*q**2 + q**v. Determine y(h).
-1
Let n(v) be the third derivative of -v**6/120 + v**5/12 - v**4/8 + 5*v**3/6 - 8*v**2. Determine n(4).
9
Let x = -1 + 4. Let q(w) = w - 4. Determine q(x).
-1
Let z(n) be the third derivative of n**6/30 + n**5/12 - n**4/24 + 2*n**3/3 - 6*n**2. Let o(a) = a**3. Let v(j) = -3*o(j) + z(j). Determine v(-5).
9
Let g be 4 - (2 - 1)*4. Let x(d) = d + 5. What is x(g)?
5
Let d = 8 - 13. Let p = d + 8. Let u(m) = -m**2 - m - 9. Let t(k) = k + 1. Let o(q) = -6*t(q) - u(q). What is o(p)?
-3
Let z(b) = -11*b**2 + 29*b + 12. Let t(h) = -5*h**2 + 14*h + 6. Let y(u) = 13*t(u) - 6*z(u). What is y(-5)?
-9
Let p be -13*1 - (-3 - -4). Let w = -12 - p. Let a(g) = -4*g**2 + g. Determine a(w).
-14
Let n(u) be the first derivative of -3*u**4/4 - u**3 - u**2/2 - 2*u + 6. Let f(g) = g**3 - g**2 - g - 1. Let i(p) = 3*f(p) - n(p). Determine i(-1).
-5
Let f(t) = 4*t**2 + 3*t - 1. Let s(x) = 21*x**2 + 16*x - 6. Let n(j) = 11*f(j) - 2*s(j). Give n(-1).
2
Let j(a) be the third derivative of -a**4/8 + 2*a**3/3 - 7*a**2. Determine j(4).
-8
Let w(v) = v - 1. Let m = -3 + 1. Let q be (-5)/((-1)/(m - -3)). Give w(q).
4
Suppose 10 = -3*p + 8*p. Let o = p - 4. Let u(f) = -4*f - 1. Determine u(o).
7
Let g(u) be the first derivative of u**3/6 - 4*u + 6. Let z(w) be the first derivative of g(w). Calculate z(-1).
-1
Let q(d) = 12*d**2 - 10*d - 7. Suppose 2*u - 3*u + 2 = 0. Let i(s) = 7*s + 3 - 8*s**u + 0 + 2. Let r(l) = 7*i(l) + 5*q(l). Determine r(1).
3
Let q(h) be the first derivative of -h + 4/3*h**3 - 1/2*h**2 + 1. Let n = 6 - 7. Give q(n).
4
Let d(p) = -7*p**2 + 3 - p - 2*p + 7*p + 3 + p**3. Give d(6).
-6
Let u(c) = c - 2. Suppose 5*s = 7 + 3. Suppose -s - 4 = -2*w. Suppose w*z = -z. Determine u(z).
-2
Let x be (-2)/3*(-3 - 0). Let z(s) be the first derivative of -s**3/3 - 3*s**2/2 + 3*s - 2. Determine z(x).
-7
Let w = 7 + -11. Let k be (-8)/(-3)*(-6)/w. Let a be k + -3 - (1 - -1). Let b(s) = -3*s**3. Determine b(a).
3
Let x = 4 + -4. Let g(p) = 1 - p**2 - 8 + 2*p**2 + 5*p + 5*p**3. Let r(n) = 6*n**3 + n**2 + 6*n - 8. Let v(z) = -5*g(z) + 4*r(z). What is v(x)?
3
Suppose -t - o - 22 = -3*o, -3*t - 5*o = 22. Let s be (-4)/t - (-52)/14. Let c be 147/(-28) - (-1)/s. Let y(q) = -2*q - 4. Calculate y(c).
6
Let s(d) be the third derivative of -d**5/60 - d**4/6 - d**3/6 + d**2. Suppose -5 = 5*a - 15. Suppose 0 = a*t + 8 - 0. Give s(t).
-1
Let t(v) = -v**2 + 2*v. Suppose 4*c = 11 - 3. Suppose -6 = c*f - 2. Let l be (-2 - -1 - 0)*f. What is t(l)?
0
Let f be ((-3)/6)/(2/12). Let y(r) = 5 - 1 - r**2 + 13*r - 13*r. Determine y(f).
-5
Suppose -3*t = -4 + 19. Suppose -4*c + 8 + 0 = 0. Let m(h) = -2*h - c - 1 + h. Calculate m(t).
2
Let i(y) = 10*y**3 + 8 - 11*y**3 - y + 5*y + 5*y**2. Determine i(6).
-4
Suppose -51 - 41 = -z. Let i(w) = -z*w**2 - 1 + 90*w**2 + 2 - 4*w. Determine i(-3).
-5
Let p(y) = -2*y + 1. Suppose 3*u = -13 - 5. Let z = u - -10. Let o = z + -2. Give p(o).
-3
Let x(d) = -d**3 - d**2 - 2*d - 2. Let h(y) = -2*y + 4. Let r be (1 - 4)*(-10)/6. Let b be h(r). Let g = b + 4. Give x(g).
6
Let c(b) be the third derivative of b**9/60480 + b**8/10080 + b**6/720 + b**5/30 - 5*b**2. Let z(t) be the third derivative of c(t). Determine z(-2).
1
Let m(j) = j - 3*j + j**2 - 3*j - 2*j - 1. Determine m(6).
-7
Let s be (-6)/4*(6 - 4). Let m(j) be the first derivative of j**2/2 + 6*j - 1. Give m(s).
3
Let z(w) = w**2 + w - 18. Let t be z(0). Let g be 27/t + 3/6. Let k(h) = 1 + h - 8*h**2 + 2 - 2. Give k(g).
-8
Let w be 6/(-12) + 2/4. Suppose -2*t + t + 2 = w. Let a(o) = 5 - 5 - 3*o**t - 1. Give a(-1).
-4
Let k(s) = 6 + s + 1 + 0 + 2. Let m = -14 + 8. Give k(m).
3
Let f(p) = -3. Let g(z) = z + 1. Let q(h) = -2*f(h) + 2*g(h). What is q(-6)?
-4
Let n = 1 - 2/3. Let k(l) be the first derivative of l + 2 - 2*l**2 + n*l**3. Determine k(5).
6
Let o(d) = d**3 - 2*d**2 - 3*d - 4. Let h = -3 - -6. Suppose -7 = -h*u + b, 3 = u - 2*u + 3*b. Let f be o(u). Let k(l) = l**3 + 4*l**2 + 1. Calculate k(f).
1
Let c(s) be the third derivative of -s**4/6 - s**3/6 - s**2. Suppose 5*a + 3*y + 2 = -0*y, -2*y + 5 = -3*a. Give c(a).
3
Let k(h) = h**3 + 2*h**2 + 7*h - 2. Let j(s) = s**2 - 3319*s - 2*s**2 + 3318*s. Let n be (-1 + 3)/((-1)/2). Let v(q) = n*j(q) - k(q). Determine v(2).
-4
Let r(h) = -21 - 24*h**2 + 25*h**2 + 2*h - 3*h. Give r(0).
-21
Let a(x) = x**2 - 4 - x - 3 + 2 + 1. Determine a(-3).
8
Let i(q) be the third derivative of -q**4/24 - 5*q**3/6 - 3*q**2. Let t be i(-7). Let v(f) = -3*f + 2. Give v(t).
-4
Let k be 8/(-12) + -4 - (-1)/(-3). Suppose 0 = -4*i - 0*i + 20. Let w(q) = 3*q**3 + i*q + 3*q**2 + 3*q**2 - 2*q**3. Give w(k).
0
Let c(v) = v**2 - v - 1. Let w = -8 - -6. Let h be w/((-1)/((-6)/(-4))). Let f be h/((-9)/6) - -5. Give c(f).
5
Let p(v) = -5*v. Let s(r) = r**2 + r + 3. Let o be s(0). Let j(b) = 4*b. Let u(h) = o*j(h) + 2*p(h). What is u(-3)?
-6
Let s(w) = -4*w**2 + 3*w + 3. Suppose 4*f = -8, -f + 6 = -4*t - 0. What is s(t)?
-19
Suppose -4 = -4*o - 12. Let s(b) = 5*b + 8. Let p(x) = -14*x - 23. Let w be 11/(-2) - 1/2. Let u(q) = w*p(q) - 17*s(q). Calculate u(o).
4
Let u(q) be the first derivative of -q**4/4 - q**3 - q**2/2 + 2*q + 3. Suppose -5 = -4*l + 3. Let z = -5 + l. What is u(z)?
5
Let f(t) be the second derivative of 1/20*t**5 - 1/3*t**4 - 7*t + 1/2*t**2 - t**3 + 0. Give f(5).
-4
Let u be 2 + (-4 - -3) - -2. Let h(t) = t**3 - 4*t**2 - t + 1. Determine h(u).
-11
Let r(i) = i**3 + 2*i**2 - 5*i - 4. Let q = 25 - 28. Calculate r(q).
2
Let u(d) be the second derivative of d**3/3 + 3*d**2/2 - 27*d. Calculate u(-6).
-9
Let w(f) = f + 17. Let m(q) = q**3 + 23*q**2 + 25*q + 66. Let v be m(-22). Determine w(v).
17
Let b(f) = -f + 1. Suppose -4*k = 4*m + 7 + 5, -10 = 4*m + 2*k. Let h(o) = 1. Let a(g) = m*h(g) + 3*b(g). Let d be (-1)/1 + 0 + 0. Calculate a(d).
4
Suppose -3*w = -2 - 4. Let s be (-2 + (0 - -2))/2. Let m(p) = s*p + 3 - w*p + p. Determine m(4).
-1
Let f(z) = -z**2 + 8*z - 8. Let s be 2 - ((-34)/9 + (-18)/81). Determine f(s).
4
Let z(f) be the second derivative of 1/3*f**4 + 0 + 2*f - 3/2*f**2 + 1/6*f**3 - 1/20*f**5. Calculate z(3).
9
Let n(f) = -f - 3*f**2 + 5*f**2 - f**2. Give n(-3).
12
Let g(w) = -2*w**3 + 2*w**2 - w**2 - w**3 - 2*w**3. Calculate g(1).
-4
Let b(j) = j**3 + j**2 - 6. Let n be 0 - -1 - 12/(-4). Suppose x - 5 = -n*p - 3, x = 4*p + 2. Determine b(p).
-6
Let n = 13 + -17. Let l(g) = g**3 + 4*g**2 - 2. What is l(n)?
-2
Suppose 0 = 8*g - 4*g - 20. Let a(m) = 3*m - 6. Give a(g).
9
Let s = 0 - 1. Let g be (-2)/(24/14 + -2). Let x(h) = -h - 3*h + g*h. Calculate x(s).
-3
Let g(u) = -u**3 + 6*u**2 - 2*u - 6. Let l be (-28)/(-5) - (-36)/(-60). Give g(l).
9
Let d(p) = -p**3 - 2*p**2 -